{"id":399,"date":"2021-03-11T16:35:50","date_gmt":"2021-03-11T15:35:50","guid":{"rendered":"http:\/\/ecolesaintjosephgouesnou.fr\/?page_id=399"},"modified":"2026-01-22T15:33:33","modified_gmt":"2026-01-22T14:33:33","slug":"les-vacances-scolaires","status":"publish","type":"page","link":"https:\/\/ecolesaintjosephgouesnou.fr\/index.php\/les-vacances-scolaires\/","title":{"rendered":"Les vacances scolaires"},"content":{"rendered":"<p>[et_pb_section fb_built=\u00a0\u00bb1&Prime; fullwidth=\u00a0\u00bbon\u00a0\u00bb admin_label=\u00a0\u00bbHero\u00a0\u00bb _builder_version=\u00a0\u00bb4.7.7&Prime; use_background_color_gradient=\u00a0\u00bbon\u00a0\u00bb background_color_gradient_start=\u00a0\u00bb#eeeff2&Prime; background_color_gradient_end=\u00a0\u00bbrgba(238,239,242,0)\u00a0\u00bb background_color_gradient_direction=\u00a0\u00bb90deg\u00a0\u00bb background_color_gradient_start_position=\u00a0\u00bb33%\u00a0\u00bb background_color_gradient_end_position=\u00a0\u00bb52%\u00a0\u00bb background_color_gradient_overlays_image=\u00a0\u00bbon\u00a0\u00bb background_image=\u00a0\u00bbhttp:\/\/ecolesaintjosephgouesnou.fr\/wp-content\/uploads\/2020\/11\/ecole-scaled.jpg\u00a0\u00bb global_colors_info=\u00a0\u00bb{}\u00a0\u00bb][et_pb_fullwidth_header subhead=\u00a0\u00bbLes vacances solaires\u00a0\u00bb content_max_width=\u00a0\u00bb600px\u00a0\u00bb _builder_version=\u00a0\u00bb4.7.7&Prime; title_font=\u00a0\u00bbRubik|700||on|||||\u00a0\u00bb title_text_color=\u00a0\u00bb#ff7355&Prime; title_font_size=\u00a0\u00bb16px\u00a0\u00bb title_letter_spacing=\u00a0\u00bb5px\u00a0\u00bb title_line_height=\u00a0\u00bb0.5em\u00a0\u00bb content_font=\u00a0\u00bbRubik||||||||\u00a0\u00bb content_font_size=\u00a0\u00bb18px\u00a0\u00bb subhead_font=\u00a0\u00bbCapriola|700|||||||\u00a0\u00bb subhead_text_color=\u00a0\u00bb#e01f45&Prime; subhead_font_size=\u00a0\u00bb50px\u00a0\u00bb subhead_line_height=\u00a0\u00bb1.5em\u00a0\u00bb background_color=\u00a0\u00bbrgba(255,255,255,0)\u00a0\u00bb use_background_color_gradient=\u00a0\u00bbon\u00a0\u00bb background_color_gradient_start=\u00a0\u00bbrgba(255,255,255,0)\u00a0\u00bb background_color_gradient_end=\u00a0\u00bbrgba(255,255,255,0.7)\u00a0\u00bb background_color_gradient_start_position=\u00a0\u00bb50%\u00a0\u00bb background_size=\u00a0\u00bbcontain\u00a0\u00bb background_position=\u00a0\u00bbbottom_center\u00a0\u00bb custom_button_one=\u00a0\u00bbon\u00a0\u00bb button_one_text_size=\u00a0\u00bb16px\u00a0\u00bb button_one_text_color=\u00a0\u00bb#ffffff\u00a0\u00bb button_one_bg_color=\u00a0\u00bb#ff7355&Prime; button_one_border_width=\u00a0\u00bb15px\u00a0\u00bb button_one_border_color=\u00a0\u00bbrgba(210,159,104,0)\u00a0\u00bb button_one_border_radius=\u00a0\u00bb100px\u00a0\u00bb button_one_letter_spacing=\u00a0\u00bb0px\u00a0\u00bb button_one_font=\u00a0\u00bbRubik|700|||||||\u00a0\u00bb button_one_use_icon=\u00a0\u00bboff\u00a0\u00bb custom_button_two=\u00a0\u00bbon\u00a0\u00bb button_two_text_size=\u00a0\u00bb16px\u00a0\u00bb button_two_text_color=\u00a0\u00bb#ffffff\u00a0\u00bb button_two_bg_color=\u00a0\u00bbrgba(0,0,0,0.6)\u00a0\u00bb button_two_border_width=\u00a0\u00bb15px\u00a0\u00bb button_two_border_color=\u00a0\u00bbrgba(210,159,104,0)\u00a0\u00bb button_two_border_radius=\u00a0\u00bb100px\u00a0\u00bb button_two_letter_spacing=\u00a0\u00bb0px\u00a0\u00bb button_two_font=\u00a0\u00bbRubik|700|||||||\u00a0\u00bb button_two_use_icon=\u00a0\u00bboff\u00a0\u00bb background_layout=\u00a0\u00bblight\u00a0\u00bb max_width_last_edited=\u00a0\u00bboff|desktop\u00a0\u00bb module_alignment=\u00a0\u00bbcenter\u00a0\u00bb custom_margin=\u00a0\u00bb|||\u00a0\u00bb custom_padding=\u00a0\u00bb8vw||4vw|\u00a0\u00bb subhead_font_size_tablet=\u00a0\u00bb\u00a0\u00bb subhead_font_size_phone=\u00a0\u00bb30px\u00a0\u00bb subhead_font_size_last_edited=\u00a0\u00bbon|phone\u00a0\u00bb button_one_border_radius_hover=\u00a0\u00bb100px\u00a0\u00bb button_two_border_radius_hover=\u00a0\u00bb100px\u00a0\u00bb button_one_bg_color_hover=\u00a0\u00bb#ff8a70&Prime; button_two_bg_color_hover=\u00a0\u00bb#ff8a70&Prime; global_colors_info=\u00a0\u00bb{}\u00a0\u00bb button_one_text_size__hover_enabled=\u00a0\u00bboff\u00a0\u00bb button_two_text_size__hover_enabled=\u00a0\u00bboff\u00a0\u00bb button_one_text_color__hover_enabled=\u00a0\u00bboff\u00a0\u00bb button_two_text_color__hover_enabled=\u00a0\u00bboff\u00a0\u00bb button_one_border_width__hover_enabled=\u00a0\u00bboff\u00a0\u00bb button_two_border_width__hover_enabled=\u00a0\u00bboff\u00a0\u00bb button_one_border_color__hover_enabled=\u00a0\u00bboff\u00a0\u00bb button_two_border_color__hover_enabled=\u00a0\u00bboff\u00a0\u00bb button_one_border_radius__hover_enabled=\u00a0\u00bbon\u00a0\u00bb button_one_border_radius__hover=\u00a0\u00bb100px\u00a0\u00bb button_two_border_radius__hover_enabled=\u00a0\u00bbon\u00a0\u00bb button_two_border_radius__hover=\u00a0\u00bb100px\u00a0\u00bb button_one_letter_spacing__hover_enabled=\u00a0\u00bboff\u00a0\u00bb button_two_letter_spacing__hover_enabled=\u00a0\u00bboff\u00a0\u00bb button_one_bg_color__hover_enabled=\u00a0\u00bbon\u00a0\u00bb button_one_bg_color__hover=\u00a0\u00bb#ff8a70&Prime; button_two_bg_color__hover_enabled=\u00a0\u00bbon\u00a0\u00bb button_two_bg_color__hover=\u00a0\u00bb#ff8a70&Prime;][\/et_pb_fullwidth_header][\/et_pb_section][et_pb_section fb_built=\u00a0\u00bb1&Prime; _builder_version=\u00a0\u00bb4.7.7&Prime; background_color=\u00a0\u00bb#ffffff\u00a0\u00bb background_size=\u00a0\u00bbcontain\u00a0\u00bb background_position=\u00a0\u00bbtop_center\u00a0\u00bb custom_padding=\u00a0\u00bb|||\u00a0\u00bb global_colors_info=\u00a0\u00bb{}\u00a0\u00bb][et_pb_row column_structure=\u00a0\u00bb3_4,1_4&Prime; _builder_version=\u00a0\u00bb4.7.7&Prime; _module_preset=\u00a0\u00bbdefault\u00a0\u00bb global_colors_info=\u00a0\u00bb{}\u00a0\u00bb][et_pb_column type=\u00a0\u00bb3_4&Prime; _builder_version=\u00a0\u00bb4.7.7&Prime; _module_preset=\u00a0\u00bbdefault\u00a0\u00bb global_colors_info=\u00a0\u00bb{}\u00a0\u00bb][et_pb_text _builder_version=\u00a0\u00bb4.7.7&Prime; _module_preset=\u00a0\u00bbdefault\u00a0\u00bb text_font=\u00a0\u00bbRubik||||||||\u00a0\u00bb text_font_size=\u00a0\u00bb16px\u00a0\u00bb inline_fonts=\u00a0\u00bbAladin\u00a0\u00bb global_colors_info=\u00a0\u00bb{}\u00a0\u00bb]<\/p>\n<p><span style=\"color: #606060;\">Le calendrier des vacances scolaires est fix\u00e9 par le Minist\u00e8re de l\u2019Education Nationale. Nous vous demandons de vous <\/span><span style=\"color: #606060;\">y conformer. Le d\u00e9part en vacances a lieu apr\u00e8s la classe et la reprise des cours, le matin des jours indiqu\u00e9s.<\/span><\/p>\n<p><span style=\"color: #0a0a0a;\"><strong><u>TOUSSAINT<\/u><\/strong> : du vendredi 17 octobre au lundi 3 novembre 2025<\/span><\/p>\n<p><span style=\"color: #0a0a0a;\"><strong><u>NO\u00cbL<\/u><\/strong> : du vendredi 19 d\u00e9cembre 2025 au lundi 5 janvier 2026<\/span><\/p>\n<p><span style=\"color: #0a0a0a;\"><strong><u>HIVER<\/u><\/strong> : du vendredi 13 f\u00e9vrier au lundi 2 mars 2026<\/span><\/p>\n<p><span style=\"color: #0a0a0a;\"><strong><u>PRINTEMPS<\/u><\/strong> : du vendredi 10 avril au lundi 27 avril 2026<\/span><\/p>\n<p><span style=\"color: #0a0a0a;\"><strong><u>FETE DU TRAVAIL<\/u><\/strong> : vendredi 1<span style=\"font-family: Aladin; font-weight: normal; font-size: small;\"><sup>er<\/sup><\/span> mai 2026<\/span><\/p>\n<p><span style=\"color: #0a0a0a;\"><strong><u>VICTOIRE<\/u><\/strong> 1945 : vendredi 8 mai 2026<\/span><\/p>\n<p><span style=\"color: #0a0a0a;\"><strong><u>PONT DE L\u2019ASCENSION<\/u><\/strong> : du mardi 12 au lundi 18 mai 2026<\/span><\/p>\n<p><span style=\"color: #0a0a0a;\"><strong><u>PENTECOTE<\/u><\/strong> : lundi 25 mai 2026<\/span><\/p>\n<p><span style=\"color: #0a0a0a;\"><strong><u>ETE<\/u><\/strong> : vendredi 3 juillet 2026<\/span><\/p>\n<p>[\/et_pb_text][\/et_pb_column][et_pb_column type=\u00a0\u00bb1_4&Prime; _builder_version=\u00a0\u00bb4.7.7&Prime; _module_preset=\u00a0\u00bbdefault\u00a0\u00bb global_colors_info=\u00a0\u00bb{}\u00a0\u00bb][et_pb_image src=\u00a0\u00bbhttp:\/\/ecolesaintjosephgouesnou.fr\/wp-content\/uploads\/2021\/02\/drg.jpg\u00a0\u00bb title_text=\u00a0\u00bbdrg\u00a0\u00bb _builder_version=\u00a0\u00bb4.7.7&Prime; _module_preset=\u00a0\u00bbdefault\u00a0\u00bb global_colors_info=\u00a0\u00bb{}\u00a0\u00bb][\/et_pb_image][\/et_pb_column][\/et_pb_row][\/et_pb_section]<\/p>\n","protected":false},"excerpt":{"rendered":"<p>Le calendrier des vacances scolaires est fix\u00e9 par le Minist\u00e8re de l\u2019Education Nationale. Nous vous demandons de vous y conformer. Le d\u00e9part en vacances a lieu apr\u00e8s la classe et la reprise des cours, le matin des jours indiqu\u00e9s. TOUSSAINT : du vendredi 17 octobre au lundi 3 novembre 2025 NO\u00cbL : du vendredi 19 [&hellip;]<\/p>\n","protected":false},"author":1,"featured_media":0,"parent":0,"menu_order":0,"comment_status":"closed","ping_status":"closed","template":"","meta":{"_et_pb_use_builder":"on","_et_pb_old_content":"","_et_gb_content_width":"","footnotes":""},"class_list":["post-399","page","type-page","status-publish","hentry"],"_links":{"self":[{"href":"https:\/\/ecolesaintjosephgouesnou.fr\/index.php\/wp-json\/wp\/v2\/pages\/399","targetHints":{"allow":["GET"]}}],"collection":[{"href":"https:\/\/ecolesaintjosephgouesnou.fr\/index.php\/wp-json\/wp\/v2\/pages"}],"about":[{"href":"https:\/\/ecolesaintjosephgouesnou.fr\/index.php\/wp-json\/wp\/v2\/types\/page"}],"author":[{"embeddable":true,"href":"https:\/\/ecolesaintjosephgouesnou.fr\/index.php\/wp-json\/wp\/v2\/users\/1"}],"replies":[{"embeddable":true,"href":"https:\/\/ecolesaintjosephgouesnou.fr\/index.php\/wp-json\/wp\/v2\/comments?post=399"}],"version-history":[{"count":8,"href":"https:\/\/ecolesaintjosephgouesnou.fr\/index.php\/wp-json\/wp\/v2\/pages\/399\/revisions"}],"predecessor-version":[{"id":995,"href":"https:\/\/ecolesaintjosephgouesnou.fr\/index.php\/wp-json\/wp\/v2\/pages\/399\/revisions\/995"}],"wp:attachment":[{"href":"https:\/\/ecolesaintjosephgouesnou.fr\/index.php\/wp-json\/wp\/v2\/media?parent=399"}],"curies":[{"name":"wp","href":"https:\/\/api.w.org\/{rel}","templated":true}]}}

<p>[et_pb_section fb_built= »1&Prime; fullwidth= »on » admin_label= »Hero » _builder_version= »4.7.7&Prime; use_background_color_gradient= »on » background_color_gradient_start= »#eeeff2&Prime; background_color_gradient_end= »rgba(238,239,242,0) » background_color_gradient_direction= »90deg » background_color_gradient_start_position= »33% » background_color_gradient_end_position= »52% » background_color_gradient_overlays_image= »on » background_image= »http://ecolesaintjosephgouesnou.fr/wp-content/uploads/2020/11/ecole-scaled.jpg » global_colors_info= »{} »][et_pb_fullwidth_header subhead= »Les vacances solaires » content_max_width= »600px » _builder_version= »4.7.7&Prime; title_font= »Rubik|700||on||||| » title_text_color= »#ff7355&Prime; title_font_size= »16px » title_letter_spacing= »5px » title_line_height= »0.5em » content_font= »Rubik|||||||| » content_font_size= »18px » subhead_font= »Capriola|700||||||| » subhead_text_color= »#e01f45&Prime; subhead_font_size= »50px » subhead_line_height= »1.5em » background_color= »rgba(255,255,255,0) » use_background_color_gradient= »on » background_color_gradient_start= »rgba(255,255,255,0) » background_color_gradient_end= »rgba(255,255,255,0.7) » background_color_gradient_start_position= »50% » background_size= »contain » background_position= »bottom_center » custom_button_one= »on » button_one_text_size= »16px » button_one_text_color= »#ffffff » button_one_bg_color= »#ff7355&Prime; button_one_border_width= »15px » button_one_border_color= »rgba(210,159,104,0) » button_one_border_radius= »100px » button_one_letter_spacing= »0px » button_one_font= »Rubik|700||||||| » button_one_use_icon= »off » custom_button_two= »on » button_two_text_size= »16px » button_two_text_color= »#ffffff » button_two_bg_color= »rgba(0,0,0,0.6) » button_two_border_width= »15px » button_two_border_color= »rgba(210,159,104,0) » button_two_border_radius= »100px » button_two_letter_spacing= »0px » button_two_font= »Rubik|700||||||| » button_two_use_icon= »off » background_layout= »light » max_width_last_edited= »off|desktop » module_alignment= »center » custom_margin= »||| » custom_padding= »8vw||4vw| » subhead_font_size_tablet= » » subhead_font_size_phone= »30px » subhead_font_size_last_edited= »on|phone » button_one_border_radius_hover= »100px » button_two_border_radius_hover= »100px » button_one_bg_color_hover= »#ff8a70&Prime; button_two_bg_color_hover= »#ff8a70&Prime; global_colors_info= »{} » button_one_text_size__hover_enabled= »off » button_two_text_size__hover_enabled= »off » button_one_text_color__hover_enabled= »off » button_two_text_color__hover_enabled= »off » button_one_border_width__hover_enabled= »off » button_two_border_width__hover_enabled= »off » button_one_border_color__hover_enabled= »off » button_two_border_color__hover_enabled= »off » button_one_border_radius__hover_enabled= »on » button_one_border_radius__hover= »100px » button_two_border_radius__hover_enabled= »on » button_two_border_radius__hover= »100px » button_one_letter_spacing__hover_enabled= »off » button_two_letter_spacing__hover_enabled= »off » button_one_bg_color__hover_enabled= »on » button_one_bg_color__hover= »#ff8a70&Prime; button_two_bg_color__hover_enabled= »on » button_two_bg_color__hover= »#ff8a70&Prime;][/et_pb_fullwidth_header][/et_pb_section][et_pb_section fb_built= »1&Prime; _builder_version= »4.7.7&Prime; background_color= »#ffffff » background_size= »contain » background_position= »top_center » custom_padding= »||| » global_colors_info= »{} »][et_pb_row column_structure= »3_4,1_4&Prime; _builder_version= »4.7.7&Prime; _module_preset= »default » global_colors_info= »{} »][et_pb_column type= »3_4&Prime; _builder_version= »4.7.7&Prime; _module_preset= »default » global_colors_info= »{} »][et_pb_text _builder_version= »4.7.7&Prime; _module_preset= »default » text_font= »Rubik|||||||| » text_font_size= »16px » inline_fonts= »Aladin » global_colors_info= »{} »]</p>
<p><span style="color: #606060;">Le calendrier des vacances scolaires est fixé par le Ministère de l’Education Nationale. Nous vous demandons de vous </span><span style="color: #606060;">y conformer. Le départ en vacances a lieu après la classe et la reprise des cours, le matin des jours indiqués.</span></p>
<p><span style="color: #0a0a0a;"><strong><u>TOUSSAINT</u></strong> : du vendredi 17 octobre au lundi 3 novembre 2025</span></p>
<p><span style="color: #0a0a0a;"><strong><u>NOËL</u></strong> : du vendredi 19 décembre 2025 au lundi 5 janvier 2026</span></p>
<p><span style="color: #0a0a0a;"><strong><u>HIVER</u></strong> : du vendredi 13 février au lundi 2 mars 2026</span></p>
<p><span style="color: #0a0a0a;"><strong><u>PRINTEMPS</u></strong> : du vendredi 10 avril au lundi 27 avril 2026</span></p>
<p><span style="color: #0a0a0a;"><strong><u>FETE DU TRAVAIL</u></strong> : vendredi 1<span style="font-family: Aladin; font-weight: normal; font-size: small;"><sup>er</sup></span> mai 2026</span></p>
<p><span style="color: #0a0a0a;"><strong><u>VICTOIRE</u></strong> 1945 : vendredi 8 mai 2026</span></p>
<p><span style="color: #0a0a0a;"><strong><u>PONT DE L’ASCENSION</u></strong> : du mardi 12 au lundi 18 mai 2026</span></p>
<p><span style="color: #0a0a0a;"><strong><u>PENTECOTE</u></strong> : lundi 25 mai 2026</span></p>
<p><span style="color: #0a0a0a;"><strong><u>ETE</u></strong> : vendredi 3 juillet 2026</span></p>
<p>[/et_pb_text][/et_pb_column][et_pb_column type= »1_4&Prime; _builder_version= »4.7.7&Prime; _module_preset= »default » global_colors_info= »{} »][et_pb_image src= »http://ecolesaintjosephgouesnou.fr/wp-content/uploads/2021/02/drg.jpg » title_text= »drg » _builder_version= »4.7.7&Prime; _module_preset= »default » global_colors_info= »{} »][/et_pb_image][/et_pb_column][/et_pb_row][/et_pb_section]</p>

<p>Le calendrier des vacances scolaires est fixé par le Ministère de l’Education Nationale. Nous vous demandons de vous y conformer. Le départ en vacances a lieu après la classe et la reprise des cours, le matin des jours indiqués. TOUSSAINT : du vendredi 17 octobre au lundi 3 novembre 2025 NOËL : du vendredi 19 [&hellip;]</p>
